
469
Let n(h) = 145*h + 5271. What is n(-29)?
1066
Let d(p) = -3885*p - 167049. Calculate d(-43).
6
Let x(z) = 4082*z**2 + 28570*z - 17. Give x(-7).
11
Let j(z) = 337*z + 7777. Determine j(-27).
-1322
Let o(z) = 3*z**3 + 17*z**2 - 165*z + 136. Give o(5).
111
Let r(l) = -14*l**2 + 144*l - 564. Determine r(4).
-212
Let v(c) = -16*c**2 + 22485*c - 63. Give v(0).
-63
Let d(h) = 1309*h**2 + 2617*h. Give d(-2).
2
Let i(t) = -4*t**3 + 2*t**2 - 31*t + 26. Give i(1).
-7
Let i(z) = -226*z - 2799. Calculate i(-12).
-87
Let z(u) = -4782*u + 62502. Give z(13).
336
Let p(j) = -j**3 + 7*j**2 + 167*j + 26. What is p(10)?
1396
Let q(x) = 522*x + 120468. Calculate q(-231).
-114
Let c(q) = 3*q**3 + 147*q**2 - 12*q - 478. Give c(-49).
110
Let q(l) = 4*l**3 + 50*l**2 - 303*l + 42. Calculate q(6).
888
Let f(v) = v**2 - 2666*v + 63211. Give f(24).
-197
Let d(t) = -t**3 - 36*t**2 - 212*t - 9267. Calculate d(-37).
-54
Let j(b) = -2143*b - 102854. Determine j(-48).
10
Let w(r) = -11*r**2 - 182*r - 19. What is w(0)?
-19
Let l(k) = -75932*k - 75965. Calculate l(-1).
-33
Let v(o) = 48*o**2 + 1471*o - 5435. Calculate v(-34).
39
Let s(d) = -5*d**3 + 60*d**2 + 12*d + 20. Determine s(11).
757
Let t(o) = -4*o**2 - 77*o + 6066. What is t(28)?
774
Let v(f) = -f**3 - 11*f**2 - 3074*f - 15220. Calculate v(-5).
0
Let l(t) = -t**2 - 68*t - 1495. What is l(-51)?
-628
Let o(g) = -88182*g - 264065. Give o(-3).
481
Let b(a) = -2*a**3 + 163*a**2 - 347*a - 5645. Calculate b(79).
-1853
Let y(k) = -8*k**3 + 23*k**2 - 118*k - 345. Determine y(6).
-1953
Let m(u) = -10*u**3 + 452*u**2 + 365*u + 106. What is m(46)?
-32
Let j(i) = -3*i**3 - 230*i**2 - 2891*i + 243. What is j(-16)?
-93
Let j(o) = 3*o**3 + 13*o**2 - 45*o - 119. Calculate j(10).
3731
Let o(f) = -2*f**3 - 16*f**2 + 22*f - 166. Calculate o(-11).
318
Let p(f) = 17*f**3 - 26*f**2 - 174*f - 38. Give p(-6).
-3602
Let v(x) = -6*x**2 - 42*x - 240. Determine v(-6).
-204
Let f(z) = -19*z**3 - 292*z**2 - 116*z - 162. Give f(-15).
3
Let b(a) = 168630*a - 506163. What is b(3)?
-273
Let t(r) = -14*r**3 + 1134*r**2 - 19*r + 1491. Calculate t(81).
-48
Let c(n) = 30619*n + 459329. Determine c(-15).
44
Let x(o) = -20*o**3 + 120*o**2 + 41*o - 297. What is x(6)?
-51
Let v(n) = 947*n**2 - 4734*n - 9. Calculate v(5).
-4
Let g(a) = 49*a - 14215. Give g(308).
877
Let o(m) = m**2 + 516*m - 63000. Calculate o(102).
36
Let i(j) = -j**3 - 40*j**2 + 239*j + 2807. Give i(-44).
35
Let s(q) = -8*q**3 - 781*q**2 + 225*q - 6748. Give s(-98).
14
Let o(v) = 12*v**3 + 25*v**2 - 112*v - 38. Give o(-8).
-3686
Let a(j) = j**3 - 7*j**2 - 195*j + 944. Give a(16).
128
Let z(t) = 83*t + 8116. Calculate z(-95).
231
Let o(f) = -87309*f - 6548134. Give o(-75).
41
Let m(q) = -25*q**2 + 2812*q - 1240. What is m(112)?
104
Let p(d) = 13*d**3 - 32*d**2 - 539*d + 17. What is p(-7)?
-2237
Let u(v) = -103*v**3 + 78175*v**2 + 1511*v + 5321. Calculate u(759).
8
Let m(p) = 242*p**2 - 230*p + 113. Determine m(5).
5013
Let s(k) = k**3 + 9*k**2 - 2903*k - 17352. Determine s(-6).
174
Let i(g) = -2*g**2 + 19*g + 22090. What is i(110)?
-20
Let a(u) = 1133*u - 16042. Calculate a(14).
-180
Let g(s) = 616*s + 9408. What is g(-15)?
168
Let v(r) = 9740*r - 214176. Calculate v(22).
104
Let s(p) = -p**3 - 84*p**2 - 131*p + 2654. Determine s(-82).
-52
Let l(o) = 17616*o - 933650. Give l(53).
-2
Let v(c) = 2*c**2 - 7297*c + 116340. Determine v(16).
100
Let a(q) = -5594*q + 218185. Determine a(39).
19
Let r(t) = -t**3 - 15*t**2 - 94*t - 1785. Calculate r(-16).
-25
Let a(h) = 381*h + 22945. Determine a(-60).
85
Let t(y) = -11610*y + 26325. What is t(2)?
3105
Let w(h) = -1140*h - 18090. Determine w(-15).
-990
Let d(k) = k**2 + 4210*k + 46194. Calculate d(-11).
5
Let g(v) = -4*v**2 + 1125*v - 27706. Give g(254).
-20
Let t(y) = -y**3 - 6*y**2 + 169*y + 1247. Calculate t(-9).
-31
Let z(a) = -113317*a - 566572. Calculate z(-5).
13
Let y(n) = -195*n - 58887. Calculate y(-302).
3
Let g(w) = -3*w**2 - 147*w + 4081. What is g(28)?
-2387
Let h(g) = 49*g**3 - 335*g**2 - 47*g - 44. Give h(7).
19
Let c(h) = 2*h**3 - 1001*h**2 + 500*h - 66. Calculate c(500).
-66
Let y(k) = -9*k**2 + 989*k - 1943. Give y(114).
-6161
Let a(r) = -r**3 + 64*r**2 + 236*r - 2310. What is a(67)?
35
Let x(v) = -2*v**2 - 2290*v - 514524. Calculate x(-307).
8
Let o(x) = 150*x - 9620. Calculate o(65).
130
Let x(p) = 14*p**3 + 1755*p**2 + 645*p + 2497. Give x(-125).
-3
Let a(s) = -5*s**3 - 426*s**2 - 315*s - 19562. Determine a(-85).
-12
Let l(n) = -2*n**3 - 88*n**2 + 1475*n - 393. Calculate l(-57).
6
Let q(n) = 2791*n - 28290. Give q(10).
-380
Let x(h) = 112*h + 9667. What is x(-81)?
595
Let w(x) = -x**2 - 1239586*x - 4958325. Determine w(-4).
3
Let f(x) = -434*x**2 - 11291*x - 208. Give f(-26).
-26
Let s(r) = r**2 - 30*r - 64. Calculate s(-6).
152
Let r(t) = 152*t**3 + 9885*t**2 + 317*t - 516. What is r(-65)?
4
Let n(h) = -h**2 + 2238*h + 11. Give n(0).
11
Let r(q) = -5*q**3 - 48*q**2 - 112*q - 17. Calculate r(-3).
22
Let a(k) = -2*k**2 + 202*k - 4680. Give a(66).
-60
Let j(u) = 8*u**3 + 208*u**2 - 1514*u - 39367. Determine j(-26).
-3
Let p(n) = -15*n**2 + 17775*n - 123677. Determine p(7).
13
Let i(c) = c**3 + 163*c**2 + 386*c + 11284. Calculate i(-161).
980
Let o(j) = j**2 + 134*j - 22419. Give o(-231).
-12
Let k(u) = -u**2 + 84*u - 702. What is k(10)?
38
Let f(t) = -t**2 + 89*t + 14863. Determine f(-84).
331
Let a(i) = i**2 + 2859*i - 302114. What is a(102)?
-92
Let y(h) = h**3 + 296*h**2 + 1178*h + 2508. Determine y(-292).
-412
Let c(v) = -7*v**3 - 150*v**2 - 74*v + 2506. Give c(-20).
-14
Let z(t) = -t**3 + 2*t**2 + 157*t - 16. Determine z(-11).
-170
Let w(f) = 32*f - 95. Calculate w(3).
1
Let y(k) = -k**2 + 7*k + 68128. What is y(-257)?
280
Let b(g) = 64*g**2 + 20*g + 165. Calculate b(-5).
1665
Let i(v) = -9098*v + 154183. Determine i(17).
-483
Let s(b) = -5*b**2 - 444836*b - 3113604. Calculate s(-7).
3
Let r(g) = 6*g**2 - 328*g + 4386. Determine r(24).
-30
Let b(p) = -152*p**3 + 73*p**2 - 15*p + 13. Calculate b(0).
13
Let h(u) = -u**2 - 94544*u - 1417940. Calculate h(-15).
-5
Let s(a) = -893*a + 4908. Calculate s(5).
443
Let l(i) = -i**3 - 41*i**2 - 319*i + 279. Calculate l(-30).
-51
Let p(b) = -46*b**2 + 17597*b - 27053. Determine p(381).
-2
Let c(y) = -22620*y - 22837. Give c(-1).
-217
Let q(t) = -69652*t - 7661719. Give q(-110).
1
Let c(y) = -2358*y - 2096. Determine c(-1).
262
Let x(s) = s**3 - 20*s**2 + 89*s - 2339. Determine x(21).
-29
Let c(k) = -k**3 + 104*k**2 + 133*k - 2250. Determine c(105).
690
Let s(o) = o**3 + 454*o**2 + 44301*o - 955. What is s(-312)?
-19
Let q(x) = -x**2 + 13781*x + 24949623. Determine q(-1620).
3
Let z(q) = -2*q**3 + 356*q**2 - 13152*q - 5201. Determine z(53).
-7
Let b(w) = 163359*w + 1960269. Calculate b(-12).
-39
Let p(o) = -71050*o + 355258. Calculate p(5).
8
Let n(f) = -f**2 + 164*f + 9919. Calculate n(-47).
2
Let r(d) = -13641*d - 1173134. What is r(-86)?
-8
Let o(a) = -134*a - 64. What is o(12)?
-1672
Let a(x) = -1157*x - 222151. What is a(-192)?
-7
Let z(d) = 9*d**2 - 212*d - 3047. Calculate z(-14).
1685
Let z(y) = 203*y**3 - 206*y**2 - 30*y + 31. What is z(1)?
-2
Let q(b) = 10*b**2 - 522*b + 1564. Give q(49).
-4
Let m(t) = 1207*t + 20492. Determine m(-16).
1180
Let n(o) = -16*o**2 - 918*o + 206. Determine n(-59).
-1328
Let a(q) = -155479*q + 466433. Calculate a(3).
-4
Let m(d) = -47574*d - 142720. Give m(-3).
2
Let m(z) = 255*z + 33941. Determine m(-134).
-229
Let h(f) = 63*f**2 + 708*f + 167. Calculate h(-14).
2603
Let k(p) = -2*p**3 - 148*p**2 + 1683*p + 644. What is k(-84)?
392
Let s(q) = q**3 + 124*q**2 + 707*q + 41625. Calculate s(-121).
1
Let k(j) = -2*j**3 + 168*j**2 - 686*j + 3801. What is k(80)?
121
Let y(c) = -1006*c - 29989. Give y(-27).
-2827
Let u(r) = 2*r**2 + 63*r - 977. Calculate u(-40).
-297
Let b(c) = -403*c - 7216. Determine b(-18).
38
Let i(w) = -1724*w + 6416. Calculate i(4).
-480
Let z(x) = 11987*x - 7096298. What is z(592)?
6
Let c(b) = -37*b**2 + 553*b - 558. Determine c(14).
-68
Let t(x) = 2*x**2 + 11794*x + 7104187. Determine t(-681).
-5
Let b(i) = 111*i**3 + 8*i - 3. Give b(2).
901
Let m(i) = -i**2 - 54949*i + 604616. Determine m(11).
56
Let r(j) = -15*j**3 + 279*j**2 + 29*j + 1714. What is r(19)?
99
Let z(v) = 5*v**2 - 767*v - 3134. Determine z(-4).
14
Let a(n) = 117*